digit of w?
1
Let t(u) be the third derivative of 2*u**5/15 + u**3/6 + 2*u**2. What is the units digit of t(1)?
9
Suppose -3*j + 5 = g, -4*j - 11 = -5*g + 14. Suppose -n = -0 - g. What is the units digit of n?
5
Suppose 0 = -3*b - 4*m + 161, -4*m - 224 = -4*b - 0. What is the units digit of b?
5
Suppose 0 = -4*f - 2*g + 6, 0 = -0*f - 5*f + 4*g + 40. What is the units digit of 297/18 + (-2)/f?
6
Let u be (-2)/6 + (-13)/(-3). Suppose 3*v + u*b + b - 67 = 0, -3*b = 4*v - 71. What is the tens digit of v?
1
Let o be (0 + -1)*0/(-6). Suppose o = -2*h + 5*h - 57. What is the tens digit of h?
1
Let k(u) = 23*u + 12. What is the units digit of k(6)?
0
Let c = 1 - 2. Let g be (0 + 0)/c*1. Suppose -2*d + 5*d + 2*u - 9 = g, 0 = 5*u + 15. What is the units digit of d?
5
Let l = 173 - 110. What is the units digit of l?
3
Suppose 0 = 4*u + u + 2*s - 741, -u + 2*s + 141 = 0. What is the tens digit of u?
4
Suppose l = 5*l + 36. Let h = l - -12. What is the units digit of h?
3
Suppose 0 = -s + 4*n - 49, 5*s - 2*n + 0*n + 173 = 0. Let j = -20 - s. What is the units digit of j?
3
Let w(c) = 4*c**3 + 4*c**2 + 4*c + 3. Let g be w(-2). Let s = 5 - 7. What is the units digit of 1/s + g/(-6)?
3
Suppose 11 + 9 = 5*g. Suppose -5*f + g*c + 84 = 18, -3*f = 3*c - 45. What is the tens digit of f?
1
Suppose 3 + 5 = 2*y - 4*v, -y + v + 4 = 0. Suppose 3*n + 83 = y*x, 0*n - 5 = 5*n. What is the units digit of x?
0
Let q = -11 - -15. Let h(i) = -i - 5 + 13 - i**2 + q. What is the units digit of h(0)?
2
Suppose 3*h - 21 = -6. Suppose -3*a + 5 = 2*i - 0*a, 5*i + h*a = 25. What is the units digit of i?
0
Let u(g) = g**2 + 5*g + 6. Let i be u(-7). Let a be (-1)/5 - (-4)/i. Suppose t - 3 + 0 = a. What is the units digit of t?
3
Suppose -5*b = -0*j - 3*j - 106, 5*b - 138 = 4*j. Let f = 76 + j. What is the units digit of f?
4
Suppose -3*n + n + 122 = 0. What is the tens digit of n?
6
What is the tens digit of ((-3)/(-6))/((3/(-74))/(-3))?
3
Let a(r) = -r**3 + 9*r**2 - 7*r - 12. Suppose -2*g + 35 = 3*g. What is the tens digit of a(g)?
3
Let v = 1 + -7. What is the tens digit of -2 - -20 - v/(-3)?
1
Let b(r) be the second derivative of r**4/12 + 5*r**3/3 + r**2/2 - 16*r. Suppose 0 = -f + 3*f + 22. What is the units digit of b(f)?
2
Let i(p) = -1 + 1 - 4*p + 3*p. What is the units digit of i(-5)?
5
Let p(l) = l**2 - 8*l + 3. Let h be p(6). Let f = h + 18. What is the units digit of f?
9
Let r(j) = -j + 9. Let z be r(5). Suppose -z*f - 4 = 2*y, 4*f + 7 + 21 = 4*y. Suppose -3*n = -y*n + 5. What is the units digit of n?
5
Suppose 0 = 4*j - 16 - 4, 3*c + 1 = 2*j. Suppose 6*g = c*g + 24. What is the units digit of g?
8
Suppose 3*o - 3*w - 129 = 0, 0*w - w + 83 = 2*o. Suppose 2*c - o = -c. What is the tens digit of c?
1
Suppose -2*o - 100 = -3*i, -5*i + 6*o - 4*o = -168. What is the tens digit of i?
3
Suppose q - 23 = 2*a + 10, 4 = -2*a. What is the tens digit of q?
2
Let h(j) = -48*j**3 - 3*j**2 - 2*j - 7. Let r(p) = -24*p**3 - p**2 - p - 3. Let y(l) = -2*h(l) + 5*r(l). What is the tens digit of y(-1)?
2
Let h = 3 - 0. Suppose 5*z - h*f - 2*f = 35, -z = 2*f + 5. Suppose -5*d - 2*t + 29 = -t, 0 = 4*d - z*t - 8. What is the units digit of d?
5
Suppose 1 = 2*b - u - 2, -2*u + 2 = -2*b. Suppose 6 = 5*x - 2*q, x + q + b - 1 = 0. Suppose x*g + g = 4. What is the units digit of g?
4
Let q = -3 - -6. Suppose 130 = 5*b - 3*n + 8*n, -104 = -4*b + 3*n. Suppose 5*w + 15 = 0, q*r - b = 3*w - 5. What is the units digit of r?
4
Let k(h) = 3*h + 1. Let w be k(-2). Let m = 6 + w. What is the units digit of (-2)/(-4)*(27 + m)?
4
Suppose q - 6*q = -130. What is the units digit of q?
6
Let j be (4/(-1))/(2/(-2)). Suppose r + j = -3*r. Let c = 12 + r. What is the tens digit of c?
1
Suppose -3*a = 2*i + 61, 3*i = -a + 2*a + 2. Let d = a + 33. What is the tens digit of d?
1
Suppose -3*j = 5*y - 30, 2*j - 10 = 3*y - 28. Let d(x) = x - 1. Let c be d(y). Let k(f) = -f**3 + 6*f**2 - 2*f + 3. What is the tens digit of k(c)?
1
Suppose y = -0*y + 3. Suppose i + y = -1. What is the units digit of (1*-2)/(2 + i)?
1
Let i = -7 - -66. Let z = 82 - i. What is the units digit of z?
3
Let i(o) = -o - 12. Let r be i(5). Let h = r - -26. What is the units digit of h?
9
Let g(x) = -2*x - 7. Let l = -4 - -10. Let o be (-1)/1 - (l - -1). What is the units digit of g(o)?
9
Suppose -3*q + 2*s = -101, 5*q + 5*s - 115 - 45 = 0. Suppose -n = -2*n + q. What is the units digit of n?
3
Suppose 0 = 5*y, -n + 4*y = 3*n - 244. What is the units digit of n?
1
Let n = 4 - 4. Suppose n = 4*r + 4, 3*h + 3*r = 2*h + 19. What is the tens digit of h?
2
What is the tens digit of ((-78)/24)/(1/(-8))?
2
Suppose -2*y + g = -41, -6 = -0*g - 2*g. What is the units digit of y?
2
Suppose 0 = -2*y - 2, 3 = 5*m - 2*y + 1. Suppose -2*f + 4*f - 3*d - 17 = 0, 0 = -f + 3*d + 7. Let h = f + m. What is the units digit of h?
0
Suppose 0 = -2*o, -10 = -4*b - 3*o - 2. Suppose b*x = 13 + 15. What is the units digit of x?
4
Suppose -603 = -7*h - 169. What is the units digit of h?
2
Let y(m) = m + 1. Suppose 2*n = 2 + 2. Let o be y(n). Suppose -4*p - 3*g - 2*g + 55 = 0, -5*p + o*g = -78. What is the units digit of p?
5
Let y(v) = v**2 - 7*v - 4. Let g be y(-5). Suppose -8*u = -4*u - g. Suppose c + c - u = 0. What is the units digit of c?
7
Suppose -3*w - 23 = y, 2*w + 3 = 4*y - 3. Let b(u) be the second derivative of -u**4/12 - 4*u**3/3 - u**2/2 - 2*u. What is the units digit of b(w)?
6
Let d(l) = -3*l - 13. Let t be d(-11). Suppose t = -5*n + 135. What is the tens digit of n?
2
Suppose 0 = 12*n - 8*n - 924. What is the tens digit of n?
3
Suppose -h + g + 4 = -1, 0 = 5*h - g - 21. Suppose -6 - 2 = -h*i. What is the units digit of (4/(-6))/(i/(-15))?
5
Let h be (370/(-20))/(1/(-2)). Suppose 4*v - 74 = -3*s, -4*s + 4*v + 15 = -h. What is the units digit of s?
8
Let t be (-147)/(-5) + (-12)/30. Suppose 3*c = -c + 3*l + t, 4*l + 37 = 5*c. Let f = c + -1. What is the units digit of f?
4
Let q(y) = y**3 + 17*y**2 - y + 15. Let u(c) = 7*c - 3. Let d be u(-2). What is the units digit of q(d)?
2
Suppose 3*x = -x - u, 2*x - 10 = -3*u. Let o(p) = 21*p**2 - 1. What is the units digit of o(x)?
0
Let n(t) = t + 6. Suppose 0*d + 9 = -3*d. What is the units digit of n(d)?
3
Suppose 8*a - 16 = 4*a. Suppose a*l = 3*d - 33, 1 = -d - 2*l + 12. Let u = 26 - d. What is the tens digit of u?
1
Let d = 2 + 0. Suppose 0 = d*t + 2*t - 16. Suppose 4*x - 48 = -t*k, 0 = 4*k - x - 4*x - 30. What is the units digit of k?
0
Let o(i) = -i - 4. Let w(s) = s. Let u(m) = o(m) + 3*w(m). Let q(r) = -2*r - 8. Let f be q(-6). What is the units digit of u(f)?
4
Let p be (12/8)/(3/24). Suppose 5*f - f = p. What is the units digit of f?
3
Let l(j) = 11*j**2 + 2*j + 1. Let n be l(-1). Suppose n*k = 8*k + 104. What is the tens digit of k?
5
Let w = 13 + -9. Let u(s) = -s + 6. Let k be u(w). Suppose 0 = -k*l - 0*l + 28. What is the tens digit of l?
1
Let a(j) be the third derivative of -j**6/15 - j**5/30 - j**3/3 + 11*j**2. What is the units digit of a(-2)?
4
Let m = -15 - -27. Suppose 3*i + 81 = 5*f + 4*i, -3*i = m. What is the units digit of f?
7
Let m(l) = -9*l - 5 + 4*l**2 + 4*l + l + 3. What is the units digit of m(-3)?
6
Let w be (-24)/16 - (-3)/2. Suppose 5*z + w = 40. What is the units digit of z?
8
Let w(p) = 11*p - 1. Suppose h = -3 - 1, 0 = -2*o - h. What is the tens digit of w(o)?
2
Let f be 0 + (66 + 1 - 0). Let o = f - 39. What is the units digit of o?
8
Let r(z) = -45*z - 10. What is the units digit of r(-4)?
0
Suppose 2*l = 3*n - l - 87, -n = -3*l - 31. What is the units digit of n?
8
Let i = -48 - -185. Let o = i + -98. What is the tens digit of o?
3
Let y be (-76)/(-18) - 6/27. Suppose y*n - 169 + 13 = 0. What is the units digit of n?
9
Let b(z) = z - 3. Let r be b(-10). Let a = -7 - r. What is the units digit of a?
6
Suppose 6*k - k = -105. Let r be (-2)/7 - 48/k. What is the units digit of 6 + -2 - (-2)/r?
5
What is the tens digit of (-8)/3*(-7)/(42/81)?
3
Let h(n) = 5*n**2 - 5*n + 5. What is the units digit of h(3)?
5
What is the units digit of 3/3*(1 - -28)?
9
Suppose -4*t + 9 = -t. Let u(z) = 2*z + 3*z**3 - 4*z**2 + z - 2*z**t + 4. What is the units digit of u(3)?
4
Let g = 164 + 108. What is the units digit of g?
2
Suppose -2*y - f = -4*f, 2*y - 4*f + 2 = 0. Let x be y*(-3)/(-18)*2. What is 